 11*i(a). Suppose 4*r + 7 = -5. What is v(r)?
-7
Let r(i) = i + 6. Suppose -4*g = -2*f + 10, g - 2*f - 3*f - 20 = 0. Give r(g).
1
Let y(x) = -x + 1. Suppose -2*t + 23 - 13 = 0. Determine y(t).
-4
Suppose l - 2 - 14 = 0. Suppose 4*k - 3*m = l, -2*k - 2*m = 2*k - 16. Let d(h) = -h + 3. What is d(k)?
-1
Let w(j) be the third derivative of -j**4/8 + j**3/6 + j**2. Suppose -4*x + 0*x = -24. Suppose -4*r + x = -3*h + 2*h, -2 = -5*r + 4*h. Calculate w(r).
-5
Let j(f) = -3*f + 1. Let r(s) = -6*s + 2. Let g(o) = -o**2 - 2. Let z be g(2). Let v(a) = z*r(a) + 13*j(a). Give v(-3).
10
Let c(o) be the second derivative of -o**5/20 + o**4/4 - o**3/6 + o**2/2 - o. Suppose 4 = d - 6. Let h = d + -7. What is c(h)?
-2
Let t(c) = -c**3 + 17. Let h be t(0). Let m = h - 15. Let n(l) be the third derivative of -l**4/24 + l**3/3 + 2*l**2. Calculate n(m).
0
Let l be (-19)/(-5) + 17/85. Let r(z) = -z**2 + 3*z. Determine r(l).
-4
Let t(i) be the first derivative of i**3/3 - 3*i**2/2 - i - 2. Suppose -3*s = -0*s - 30. Suppose -5*o = -0 - s. What is t(o)?
-3
Let j(l) = -l**3 - 3*l**2 + 5*l + 1. Let d be j(-4). Let a(u) = u. Determine a(d).
-3
Let i(t) = t**3 - 7*t**2 - t + 4. Let p be i(7). Suppose -l + 4 = 1. Let v(c) = -l*c + 1 + 0*c - 5. Calculate v(p).
5
Let d(m) = m - 6. Let u(i) = -i + 7. Let t = -10 - -16. Let v(g) = t*d(g) + 5*u(g). Let j(s) = 3*s + 1. Let h be j(1). Give v(h).
3
Let r(k) = k + 2. Let x = 3 + 5. What is r(x)?
10
Let l(z) be the second derivative of -z**4/12 + 2*z**3/3 + 4*z**2 - 18*z. Calculate l(6).
-4
Let w be (-48)/(-40)*(-20)/6. Let y(h) = -h. Determine y(w).
4
Let h(g) = g**2 - 1. Let i(w) = -2*w**2 + 2*w + 6. Let o(m) = -h(m) - i(m). Calculate o(4).
3
Let y(s) = -s**3 - 4*s**2 - s - 4. Suppose n = -2*n. Let z = 0 + n. Suppose -4*f - 2*m - 17 = -m, 2*f + 3*m + 11 = z. Determine y(f).
0
Let w(o) be the second derivative of -5*o + 0 - 1/6*o**4 + o**2 + 1/3*o**3. What is w(3)?
-10
Let r be (-6)/(-4)*(-16)/24. Let x be (-3 - -12) + (-4 - r). Let n(z) = z**2 - 3*z - 6. Determine n(x).
12
Let h(r) = 7*r + r - 11*r + 4*r. Determine h(5).
5
Let o(j) = -j**3 + 5*j**2 - 2*j + 12. Let s be o(5). Let m(z) = 2*z + 2. Give m(s).
6
Suppose 0 = -j + 2*j - 2*m + 12, 0 = -2*j - 5*m + 3. Let q(b) = -8*b + 6. Let u(o) = -2 - 2*o - 5*o + 7. Let l(s) = j*q(s) + 7*u(s). What is l(-4)?
3
Let m(j) = 2*j + 2. Let r = -65 - -121. Suppose -4*k - 3 = -x - r, k = -2*x + 2. Suppose -2*f - 2*f - k = 0. Calculate m(f).
-4
Suppose -4*r + 158 = 146. Let g(h) = 5*h**2 - 3*h**2 - 2 + 1. Determine g(r).
17
Let q(o) = -2*o**3 - 11*o + 13*o - 4*o**2 - 1 + o**3 + 2*o**2. Give q(-2).
-5
Let k be (-9 - -7 - -3)*3*1. Let u(t) = -2*t - 3. Determine u(k).
-9
Let v(k) = -k + 0*k**2 + 0 + k**2 - 2. Let x = -1 + 1. Let z be x + 2 + (-6 - -4). Calculate v(z).
-2
Let v(a) = -a**3 + 4*a**2 + 3. Suppose -4*h = -14 - 2. Let r be v(h). Let m(i) = 4*i**2 - 5 + 1 + 0*i**2 - i**3. What is m(r)?
5
Let o(g) be the third derivative of -g**2 + 0*g - 1/3*g**3 + 1/24*g**4 + 1/60*g**5 + 0. Calculate o(-2).
0
Let n(z) = 6*z**2 + 124*z - 3 - 56*z - 60*z - z**3. Give n(7).
4
Let k(n) = -4*n + 1. Suppose 0*z - 19 = 3*r + 5*z, 0 = -r - z - 5. Let j be ((-14)/(-21))/((-1)/r). What is k(j)?
-7
Let k(j) = j - 3. Let u be k(6). Let t(p) = -p + p**2 + 1 - p - 4*p**u + 0. Calculate t(1).
-4
Let x = 12 + -19. Let f(w) = -9 + 2*w**3 - 3*w**3 - 6*w**2 - 24*w + 30*w. Determine f(x).
-2
Let b(h) = -h**3 + h**2 - h - 20. Suppose 5*t + 5*y = -0*t + 25, -5 = 4*t - y. Determine b(t).
-20
Let x(f) be the first derivative of -10*f**3/3 + f + 384. Suppose -i = -5*i. Let z = i + 1. What is x(z)?
-9
Let k(f) = -f - 3. Let c be 1/(22/(-12) + 2). Suppose j - 5*d + 26 = 0, -4*j - 5*d = -15 - c. Let w = j - 2. Determine k(w).
0
Let z be ((-20)/30)/(4/6). Suppose 0*m - m + u = 2, -4*m - 3*u + 20 = 0. Let p(w) = -2*w**2 - w**2 - 1 + 4*w**m + w. Give p(z).
-1
Let f(g) = g**3 - 2*g**2 - 3*g - 4. Suppose -5*i + 78 = -2. Let y be -2*(-3)/(-3) + i. Suppose t + 5*j - y = -2*t, 2 = 2*j. What is f(t)?
-4
Let y(d) be the first derivative of -d**7/840 - d**6/360 + d**5/120 - 5*d**4/24 + 5*d**3/3 + 4. Let t(x) be the third derivative of y(x). Calculate t(0).
-5
Let w = -6 - -8. Let z(i) = -4*i**2 - i**3 - 7*i + 4*i + w*i**2. Suppose -2*v + 3*r = 5*r + 6, -3*v = -4*r + 2. What is z(v)?
6
Let v(n) = n - 1. Let r be ((-30)/8)/(2/(-8)). Suppose 0 = 5*y + 4*p - 50, p + 2*p = 5*y - r. Calculate v(y).
5
Let k(z) be the first derivative of z**3/3 + 3*z**2/2 - 2*z - 8. Let f = 25 + -23. Give k(f).
8
Let u(i) be the second derivative of i**6/240 - i**5/120 - i**4/4 + 2*i. Let n(m) be the third derivative of u(m). What is n(1)?
2
Suppose 0 = -0*w + 3*w. Let s(l) be the third derivative of l**5/60 + l**4/24 - 4*l**3/3 + 13*l**2. Give s(w).
-8
Let d(r) be the first derivative of -r + 2*r**2 + 1/3*r**3 - 1. Calculate d(-5).
4
Let o(m) = m - 1. Let x(v) = v + 1. Let b(h) = o(h) - 2*x(h). Calculate b(-3).
0
Let a(m) = -25*m. Let b(j) = -j. Let q(i) = a(i) - 20*b(i). What is q(2)?
-10
Let o(z) = z**3 + 2*z**2 - z. Let n be o(1). Let m(a) be the first derivative of 3*a**2 + 4 - 5 + a**n. What is m(-1)?
-8
Suppose 0 = -4*g + 3*j + 20, -30 = -5*g - 7*j + 12*j. Let p(u) be the first derivative of -1/2*u**g + u - 2*u**3 - 1. Give p(1).
-6
Let z = -23 + 34. Let v = z - 15. Let c(a) = -a**2 + 1. Let b(d) = 5*d**2 - 4*d - 12. Let j(i) = -b(i) - 6*c(i). What is j(v)?
6
Suppose 5*y + 17 = -8. Let f(n) = -n - 3. What is f(y)?
2
Let g(v) = -6*v - 4. Let f(o) = -17*o - 11. Let y(m) = 4*f(m) - 11*g(m). Give y(3).
-6
Let a(h) = -4*h**2 - 3*h - 1. Let o(g) = -13*g**2 - 8*g - 3. Suppose s - 3*s = 6. Suppose 9*t + 16 = 88. Let x(v) = s*o(v) + t*a(v). Determine x(-1).
8
Let n be (1 - 3/1) + 2. Suppose -2 + n = 4*u + 2*p, -u + 3*p - 11 = 0. Let r be 5 + ((-8)/2 - u). Let i(o) = -2*o + 3. What is i(r)?
-3
Let f(k) = -k**3 + 5*k**2 - 3*k + 2. Let a(t) = t**3 + 6*t**2 + 4*t - 2. Let z = -10 - -5. Let x be a(z). Determine f(x).
11
Let a(s) be the third derivative of -s**2 - 1/12*s**4 + 1/60*s**5 + 0 + 0*s + 1/6*s**3. Suppose 2*p = -2*n, 2*p + 3 = -n + 1. Determine a(n).
1
Let r(v) = -8 - 2*v + 0*v - 3*v**2 - v. Let g(m) = -5*m**2 - 5*m - 12. Let k(h) = -5*g(h) + 8*r(h). Let n = -4 - -7. Calculate k(n).
8
Let z(q) = -q**3 + 4*q**2 + 6*q - 4. Suppose -l = -0*l + 2*s - 5, 2*s - 4 = -2*l. Let x = 4 - l. Determine z(x).
1
Let r(u) = u**3 - u**2 - 2. Let b be r(2). Suppose -4 = -3*c + c. Let z(g) = -g - 2*g + 0 + c. Determine z(b).
-4
Let m(d) = d - 3. Let r = 1 - -4. Give m(r).
2
Suppose 0*d + 32 = 4*d. Let j be d + (-9)/(-3) + -6. Let w(n) = n**3 - 4*n**2 - 5*n. Give w(j).
0
Let c(p) = p**2 + 6*p + 6. Let k = 20 - 11. Let j = k - 15. Calculate c(j).
6
Let c(b) = -b**2 - 4*b - 3. Let j be (21/(-6))/(3/6). Give c(j).
-24
Let k(t) = t**2 - 2. Let c = 4 - 4. Let i be (-1)/(-1 - (0 - c)). Let x be i*-4*6/8. Give k(x).
7
Let g = 11 - -4. Suppose 4*b + 3 = g. Suppose 12 = -3*s - 2*s + r, -4*r = -b*s + 3. Let u(a) = -a**3 - 4*a**2 + 3. What is u(s)?
-6
Let r(x) = -x**3 + 3*x**2 - 2*x - 1. Suppose -2*p + 3*v - 27 = -5*p, -2*p - 3*v + 19 = 0. Suppose -2*f - 2 = -p. Calculate r(f).
-7
Let t(w) = -w**2 - 21*w + 29. Let f be t(-22). Let h(l) = l**2 - 5*l - 6. Give h(f).
8
Let u(y) be the first derivative of y**3/6 + y**2/2 + y + 1. Let a(c) be the first derivative of u(c). Calculate a(-3).
-2
Suppose 13 = -5*y + 2*x + 33, 0 = -5*y - x + 5. Let r = 3 - y. Let s(m) = -2*m**2 + m - 1. Give s(r).
-2
Let j(h) be the first derivative of h**5/20 + h**4/3 - h**3/6 + h**2 - 4*h + 2. Let v(l) be the first derivative of j(l). Determine v(-4).
6
Let o be 6/(-14) - ((-90)/(-14))/(-1). Let b(q) = q - 4. Give b(o).
2
Let j(h) = -5*h**2 - 1 + 2201*h - 2201*h. Determine j(-1).
-6
Let d(w) = -w + 5. Let r be d(4). Let k(u) = 9*u + 1 - 3*u - r. Determine k(1).
6
Let v = 3 + -1. Let b(z) = 2. Let j(a) = a - 6. Let m(s) = v*j(s) + 7*b(s). Determine m(4).
10
Let u(n) = 2*n**2 - n + 2. Let x(d) = d**2. Let a(c) = u(c) - 4*x(c). Give a(-2).
-4
Let k(t) = -8*t**2 - t - 1. Let g(s) = -s**2 + 4*s + 4. Let d be g(5). What is k(d)?
-8
Suppose -1 = 2*z - 5, 2*w + 3*z - 22 = 0. Let a(s) = w + 0*s - 6*s**2 + s**3 + 4*s - 3. Suppose -3*n + 2 = 5*y + 7, 4*n = -5*y. Determine a(n).
0
Let i(d) = -d**3 + 5*d**2 - 3*d + 1. Let s be (-22